mber?
False
Suppose -284 = -5*m + m. Is m prime?
True
Let k = 4 - -3. Is (1 + (1 - -1))*k a prime number?
False
Suppose -2*u + 6*v = 10*v - 4146, -3*u + 4*v + 6259 = 0. Is u prime?
True
Let m = 18 - 13. Suppose -m*j + 139 = -96. Is j composite?
False
Let q be -2 + -2*(-15)/6. Suppose z - 198 = q*z. Let t = -32 - z. Is t composite?
False
Let i(p) be the second derivative of 1/6*p**3 - 7/10*p**5 + 0*p**4 + 0 + 0*p**2 + p. Is i(-1) prime?
True
Let r(o) = -o**3 + o**2 - 6. Let k be r(-8). Suppose k = p + 4*p. Suppose -3*n - 3*l + p = 0, -3*l + 25 = -2*n + 96. Is n a composite number?
False
Suppose 2*s - 1 = k, 4*s = -2*k - 2 + 24. Let w(g) = g**2 - 4*g - 1. Let i be w(k). Suppose -5*a + 261 = i*v, 0 = 4*a - 4*v - 53 - 163. Is a a prime number?
True
Let w be 2 + -6 - (0 - 2). Let t(n) = -119*n. Let b be t(w). Suppose z - b = -z. Is z prime?
False
Is (-1 + 2)*19/1 composite?
False
Suppose -2*f + 728 = f + t, 0 = 2*f + 4*t - 502. Suppose 0 = 3*h - x - 0*x - 356, -f = -2*h - 3*x. Is h a composite number?
True
Let s = -162 + 295. Is s prime?
False
Let i(s) = -20*s**3 + 7*s**2 + 2*s + 6. Let l be i(6). Let f be l/(-11) - (-4)/(-22). Is (-2 - f*1)/(-2) composite?
True
Suppose 4*l = -5*h + 1585, -h - 4*l + 188 + 129 = 0. Is h prime?
True
Let a(f) = f**2 - 9*f + 6. Let p be a(9). Let j be 2/1 - (-12)/p. Suppose 0 = -j*t + k + 80, -t + 61 = 2*t - k. Is t composite?
False
Let o be -1 + (2 - 0) - -4. Suppose i = -2*i + o*a + 472, 0 = 4*a + 20. Is i a prime number?
True
Let k = -203 - -1336. Is k a prime number?
False
Let r = 14 + -8. Is (-1 + -405)*(-3)/r a composite number?
True
Let v = 9278 + -5517. Is v a prime number?
True
Is (22*-1)/((-8)/116) prime?
False
Let n(m) = m**3 + 9*m**2 + 6*m - 1. Is n(-7) composite?
True
Suppose -14 = 4*h + 318. Let f = -360 - -218. Let p = h - f. Is p a composite number?
False
Let l = 0 + 0. Suppose -3*y - r + 12 = l, 2*y - 4 = -r + 3. Suppose -3*d - d - 300 = -4*m, y*d = -4*m + 336. Is m composite?
False
Is 4/(-32) + (-10940)/64*-14 a composite number?
False
Let f(x) = x**3 - 3*x**2 - 3*x. Let d be 166/34 + (-14)/(-119). Is f(d) composite?
True
Suppose -3*a + 407 = -2*a. Is a composite?
True
Suppose -5*s - 4 = -14. Suppose 2*a = s*z + 108, -2*a + 105 = -7*z + 4*z. Is a a composite number?
True
Suppose 0 = 4*t + 4*f + 4, -3*f - 2 = 5*t - f. Let v be 2 + (20 - (t - 0)). Let y = v - 15. Is y a prime number?
True
Suppose -t = -2*z + 6, 15 = 4*z + t + 3. Let k = z + 4. Is k a composite number?
False
Let l(m) = 254*m + 69. Is l(10) a composite number?
False
Suppose -h = -1079 - 333. Suppose u - h = -3*u. Is u a prime number?
True
Let o be (3 + 0)*(0 + -9). Let p = o - -42. Is p prime?
False
Let k(i) = -i**2 + 2*i + 3. Let r be k(-3). Let s = 21 + r. Is s a composite number?
True
Suppose -14 - 21 = -5*m. Suppose -230 = 3*w - m*w - 2*r, 4*r = -3*w + 185. Is w composite?
True
Suppose 3*a = -3*t + 411 - 87, 0 = -5*t - 2*a + 534. Is t a composite number?
True
Let h = -316 - -445. Let d = 184 - h. Is d a composite number?
True
Let n be 59/4 + 2/8. Is (5/n)/((-1)/(-249)) a prime number?
True
Suppose -r - 16 = -4*w - 0*r, -w + 5*r = -23. Suppose -t - 658 = -w*t. Is t prime?
False
Suppose -2*t + 0*t + 542 = 0. Is t prime?
True
Suppose -3*h = 2*r - 379, -585 = -3*r + 2*h - h. Is r a prime number?
False
Let z(r) = r**2 - r - 3. Suppose 2*n + 7 - 3 = 0. Let a be n + (4 - (-1 - 0)). Is z(a) composite?
False
Suppose s = 2 - 4. Is (-263)/(-2 - s - 1) a prime number?
True
Let q(c) = 921*c**2 + 2*c - 2. Is q(1) a composite number?
True
Suppose -350 = -5*m + 130. Let h = -61 + m. Is h a prime number?
False
Suppose -d + 25 = -2*c, -d + 12 - 47 = 4*c. Let w(n) = n**3 + 14*n**2 - 4*n + 3. Is w(c) composite?
False
Suppose -5*h - 2*r + 2396 = 0, 521 = 3*h - 5*r - 898. Suppose -3*a + h = -a. Is a prime?
True
Let l(o) = 22*o**3 + o**2 - 2*o + 1. Suppose -2 = 3*s - 5. Is l(s) composite?
True
Is 0/2 - (-988)/4 a prime number?
False
Suppose -4*v + 1588 = 4*l, 1017 + 936 = 5*l - 3*v. Is l a prime number?
False
Suppose -3*q - 1203 = -2*s, -4*s + 248 + 2173 = -3*q. Suppose -3*r + s = -2*h, 3 = -r + h + 206. Is r prime?
False
Is (-2928)/(-30) - (-6)/(-10) composite?
False
Is 6040/24*(2 - -1) composite?
True
Let c(o) = 7*o**3 - 2*o**2 + 2*o - 3. Let h be c(3). Suppose 1338 - h = 4*v. Is v prime?
False
Let q(r) = -r**2 - 11*r + 6. Let x be q(-6). Suppose 3*f + 34 = f. Let v = x + f. Is v composite?
False
Is (18/(-15))/((-6)/7185) a composite number?
True
Let m = 27 - 17. Suppose m + 34 = 4*s. Suppose -6*b = r - 2*b - s, 31 = 2*r + 5*b. Is r prime?
True
Is ((-44)/(-154))/(-1*2/(-11018)) composite?
True
Let v(a) = 17*a**2 - 2. Let n be v(2). Let t = -15 + n. Is t composite?
True
Let j = -138 - -193. Is j prime?
False
Let v(w) = -w**3 + 4*w**2 + w - 4. Let y be v(4). Let o(k) = k**3 - k**2 + 17. Let g be o(0). Suppose -2*q - g + 79 = y. Is q a composite number?
False
Let z(k) = -6*k**2 - 8 + 6*k**2 + 3*k**2 + 6*k**2. Let w be z(6). Suppose -3*c + w = c. Is c a prime number?
True
Let h = 674 - -443. Is h a prime number?
True
Suppose 4 = 5*n - 3*n. Let r = 84 - 8. Suppose -n*g - 6 = -r. Is g composite?
True
Let d(r) be the first derivative of r**6/360 + r**5/120 - r**4/24 + 2*r**3/3 + 2. Let w(q) be the third derivative of d(q). Is w(-8) composite?
True
Suppose -4*z = 4*h - 1888, -5*h + 2355 = 5*z - h. Is z a composite number?
False
Let k(d) = d**2 - 5*d - 9. Let x be k(7). Let f(p) be the second derivative of 29*p**3/6 + 2*p**2 - 7*p. Is f(x) a prime number?
True
Suppose 9*w - 4*w = 20. Suppose -g - w*g = -75. Is 879/g + 6/15 prime?
True
Let i be (-3)/2 + (-1263)/(-2). Suppose -2*r + i = -4*r. Let t = r + 520. Is t a composite number?
True
Let x(f) = 20*f + 1 + 50*f - 18*f. Is x(1) a prime number?
True
Let d(x) = -79*x. Let p(n) = -80*n + 1. Let a(g) = 4*d(g) - 3*p(g). Is a(-2) a composite number?
False
Suppose 5*c = 1263 - 418. Suppose -c - 127 = -4*l. Is l a prime number?
False
Suppose -5*n + 85 = -105. Is n a composite number?
True
Is (-18)/(-81) + 205/9 prime?
True
Suppose -4*h + 0*h = -3*j + 9, 12 = -4*h. Is 31 + 2 - j - 3 a prime number?
True
Let b be -1 - 1 - -13 - 0. Let y = 0 + -4. Let n = b + y. Is n prime?
True
Suppose -2*k + 352 = 2*k. Suppose 89*h = 93*h + 4. Let f = k - h. Is f composite?
False
Let q(f) = -2*f**2 + 4*f + 5. Let s be q(4). Let t = s - -15. Suppose -t*n + 118 = -2*n. Is n prime?
True
Is (1/3)/(2/1758) composite?
False
Suppose 5*q = 25, -2*q + 0 + 2 = 2*z. Let n = z - -7. Suppose n*x + 2*x = 5, 0 = -3*s + x + 74. Is s a composite number?
True
Suppose 20870 = 24*s - 63538. Is s prime?
True
Suppose -4*z - 417 = -5*g, g + 2*z - 3*z - 83 = 0. Let b be 1 + g + 0 + -3. Suppose -5*r - 18 + b = 0. Is r prime?
True
Let n(v) be the third derivative of 1/12*v**4 - 1/120*v**6 + 0 - 3*v**2 + 7/60*v**5 - 1/3*v**3 + 0*v. Is n(6) composite?
True
Suppose 3*c - 19884 = k - 7283, -16814 = -4*c - 5*k. Is c composite?
False
Let j = -5 - -6. Suppose 0 = -x + 4*t + 15, -6*x + t + 15 = -2*x. Suppose -4*m - 5*y - j = -x*m, -3*y + 83 = 5*m. Is m a prime number?
True
Suppose -9*h + 9509 - 3794 = 0. Is h a composite number?
True
Suppose -345 = -4*h + 43. Is h composite?
False
Let t(a) = -a**2 + 4*a + 1. Let f be t(3). Suppose -6*l + 4 = -f*l. Suppose -3*r - 5*w = -l*r - 87, 2*w = 10. Is r a composite number?
True
Let a(f) = f**2 + 7*f + 6. Let s be a(-6). Suppose 4*y + 295 = p - s*y, 4*p = y + 1225. Is p prime?
True
Let u(p) = -2*p**3 - 10*p**2 - p + 5. Is u(-8) a composite number?
False
Let l = -603 - -886. Suppose -g + 1 = -1, 0 = -3*o - 5*g + l. Is o a composite number?
True
Let i(y) = 2*y**3 - 14*y**2 + 27*y - 6. Is i(11) a prime number?
True
Let a = 136 - 71. Is a composite?
True
Suppose -10*h = -1137 + 187. Is h composite?
True
Suppose 4*q + 49 = 789. Let r = q - 106. Is r composite?
False
Suppose 0 = 3*w - w - 3*m - 7108, -3*w - 2*m + 10675 = 0. Is w a composite number?
False
Suppose 5*f - 15 = -0*f. Is f - -31 - (3 - 3) prime?
False
Suppose -346 = f + 231. Let i = -338 - f. Is i a composite number?
False
Let b(i) = -2*i**3 - 9*i**2 - 3*i + 1. Is b(-6) a composite number?
False
Suppose -2*y + 5 + 5 = 0. Let g be ((-5)/2)/(y/(-10)). Is 13/5*(g - 0) a composite number?
False
Let x be (2 - 0)/(-2)*-4. Let w = 23 + 19. Suppose -w + 214 = x*a. Is a a prime num